Suppose 60 = x*z - 12. What is the tens digit of z?
1
Let a(r) = -r + 1. Let u be a(1). Let k(p) = -p - 4. Let z be k(u). What is the units digit of z/(-6) - (-1)/3?
1
Let s(y) = y**3 - 6*y**2 - 6*y - 5. Let f be s(7). Let a(h) = 3 + h**f - 3*h**2 - 5*h + 3*h**2. What is the units digit of a(6)?
9
Let w be -1*(-4 + (-1 - -3)). Suppose w*o + y = -y + 20, 5*y = -2*o + 8. What is the tens digit of o?
1
What is the units digit of 3/((-2)/2) - (-1770)/15?
5
Let a = 37 - -14. What is the tens digit of a?
5
Let p be (6/(-10))/(4/(-60)). Suppose -59 = -5*h - p. What is the tens digit of h?
1
Suppose 3*j + 56 - 146 = 0. Suppose 4*k - j = k. What is the units digit of k?
0
Let l(t) = t**2 + t + 1. Let u be l(-2). Suppose 0 = w + u*w - 68. What is the tens digit of w?
1
Let a be (-3)/(1 - 8/5). Suppose -x - x - 3*p + 9 = 0, -a*p = 4*x - 17. What is the units digit of x?
3
Suppose 0 = -3*b - 0*b + q + 115, -5*b = 5*q - 165. What is the tens digit of b?
3
Suppose 0 = -0*s + 2*s - 32. Let p = 0 + s. What is the tens digit of p?
1
Let g(a) be the second derivative of -5/2*a**3 + 3*a + 0*a**2 + 0. What is the tens digit of g(-1)?
1
Let n(m) = -m**3 + 17*m**2 + 18*m + 8. What is the units digit of n(18)?
8
Let l = 0 - -7. What is the units digit of l?
7
Let a = 9 - 6. Suppose -a - 3 = -3*h. Suppose 3*v = -5*p + 43, h*v - 31 = -3*p - 4. What is the units digit of v?
6
Suppose 2*o = l - 3*o - 12, -5*l + 5*o = -140. What is the units digit of l?
2
Let g(w) = 4*w**2 - 1. Let d be g(1). Suppose 4*v = v + d. What is the units digit of 3/(2*v/2)?
3
Let y be 7/3 + 3/(-9). Suppose -y*r + 39 - 5 = 0. What is the tens digit of r?
1
Let r = 4 + -4. Let o(i) = i**3 - 6*i**2 + i - 5. Let g be o(6). What is the units digit of 5 + (-1 + r)*g?
4
Let l(m) = 4*m - 4. Let c be -5 - -5 - (-3 + 0). What is the units digit of l(c)?
8
Suppose -4*r = -5*l + 113, -2*r = 5*l - 5*r - 111. Let k = l - 10. What is the tens digit of k?
1
Let d = 21 + -15. Suppose -d = -3*u + 6*u. What is the units digit of (6/4)/(u/(-8))?
6
Suppose -5*p + 17 = -158. What is the tens digit of p?
3
Let y = 9 - -23. What is the tens digit of y?
3
Suppose 3*k - 4*t - 18 = k, -4*k + 2*t = -18. Suppose -2*q = v - 112, -v + 68 = k*q - 47. What is the units digit of 4/(-6) + v/6?
7
Suppose -1 = s - o, -4*s = o - 22 + 6. Let j be 2/4*0/(-2). Suppose m + 4*m + s*u - 21 = j, -m - u = -5. What is the units digit of m?
3
Let w be (-3)/(8/(-6) + 1). Let r(q) = q**2 - 7*q - 6. What is the tens digit of r(w)?
1
Let n(k) = k**2 + 7*k + 19. What is the hundreds digit of n(8)?
1
Suppose -4*v + 0*v - 2*b = -38, 2*b = 3*v - 39. Suppose 0 = -3*d + v - 2. What is the units digit of d?
3
Let q(k) = -2*k**2 - 36*k + 13. What is the tens digit of q(-17)?
4
Let u(y) = 2*y**2 + 4*y + 2. Let n = -17 + 14. What is the units digit of u(n)?
8
What is the tens digit of (1 + 0)/(1 - (-267)/(-270))?
9
Let q(r) = 7*r**3 - 2*r**2 + r. Let i be q(1). Suppose -v + i*v - 35 = 0. Suppose -4*d + 5*f + 24 = v, -4*f - 13 = -3*d. What is the units digit of d?
3
Let i be -10*-1*3/(-3). Let j = 11 + i. What is the units digit of j*(12/1 - 3)?
9
Suppose i - 9 = -w, -7 - 1 = 3*i - 4*w. Let b = 12 - i. What is the units digit of b?
8
Let b(c) = -6*c - 26. What is the tens digit of b(-6)?
1
Let o(d) = d - 3. Let f be o(6). Let b(g) = f*g**2 + 1 + 4*g - 2*g**2 + 0*g**2. What is the units digit of b(-4)?
1
Let m(z) = z**2 + 12*z + 30. What is the tens digit of m(-14)?
5
What is the tens digit of (-658)/(-12) - (-7)/42?
5
Let x(z) = -z**2 + 1. Let b be x(0). What is the units digit of b/((2/(-11))/(-2))?
1
Let s(k) be the first derivative of -k**2/2 - 8*k + 3. Let j be s(-7). What is the tens digit of (-1 + -25)/2*j?
1
Let a(j) = 4*j + 3. What is the units digit of a(3)?
5
Let a = 9 + 1. Suppose 0 = -13*n + 12*n + a. What is the tens digit of n?
1
What is the units digit of 32 + 9/(9/2)?
4
What is the units digit of 32/(-24) - 355/(-3)?
7
Let c = 14 + -10. Suppose 2*p = c, -p - 30 = -5*r + 18. Let w = 16 - r. What is the units digit of w?
6
Suppose -2*h - 4 = -2. Let o(n) = -n + 1. Let p be o(h). Suppose c + 5*f = -p*c + 12, -c - 5*f = 6. What is the units digit of c?
9
Let v = 0 - 4. Let d be ((-14)/v)/(5/10). Suppose 0 = -5*j + 22 - d. What is the units digit of j?
3
Let w = 3 + 11. What is the tens digit of w?
1
Let s be 2 - 4/((-12)/9). Suppose -s*h + 4*i + i = -80, -44 = -3*h + 2*i. What is the units digit of h?
2
Suppose 29 = 2*t + 9. Let w = t - -1. What is the tens digit of w?
1
Let m(i) = -i + 4. Let x be m(2). Let o = x + 5. Let s(b) = b**3 - 8*b**2 + 8*b - 6. What is the units digit of s(o)?
1
Let l be 60/4 - (1 - -1). Let f = l - 35. What is the units digit of 6/(-33) - 202/f?
9
Let u(x) = x**3 + 13*x**2 + 8*x - 7. What is the tens digit of u(-12)?
4
Suppose 0 = 5*n - 10*n + 145. What is the units digit of n?
9
Suppose 0 = -3*v + 6*v. Suppose 5*u = -r + 131, 5*r + 74 = -v*u + 2*u. What is the tens digit of u?
2
Let j be 4/(-18) + (-2)/(-9). Suppose 0 = 5*v - 2*t + t - 50, -3*t = -3*v + 30. Suppose j = 5*u + v, 2*q + 4*u = 7 + 9. What is the tens digit of q?
1
Suppose 4*d + 64 = 4*w, -w - 5*d + 22 = -0*d. What is the units digit of w?
7
Let y(l) = 7*l + 8. Let m(o) = -4*o - 4. Let b(q) = 5*m(q) + 3*y(q). Let p be b(0). Suppose 5*r - 63 = 4*f, 5*r - p*r - 1 = -5*f. What is the units digit of r?
1
Let c = 17 + 3. What is the units digit of c?
0
Suppose -2*g + 17 = -5*n, -g - 3*n - 6 - 2 = 0. Suppose -s = -3*w + 4, g = -2*s + w + 3. What is the units digit of s?
2
Suppose 0 = -8*d + 1328 + 304. What is the tens digit of d?
0
Let p(a) = -7*a**3 - a**2 + a - 3. Let y(l) = -4*l**3 - 2. Let i(b) = -3*p(b) + 5*y(b). Let h be 2*(2/6 - 8/6). What is the units digit of i(h)?
9
Let y = -4 + 23. What is the units digit of y?
9
Let j = 133 - 95. Let l = -23 + j. What is the tens digit of l?
1
Let a = 154 + -82. What is the tens digit of a?
7
Let o(r) be the first derivative of -r**4/4 - r**3/3 + 2*r**2 + r + 5. What is the units digit of o(-3)?
7
Let f be 426/24 + (-1)/(-4). Let s = f - 6. What is the tens digit of s?
1
Let y be (-3 + 1)*4/(-8). Let g(c) = -3 + c - 4 + y. What is the units digit of g(7)?
1
Let f be -2*(0 - 3/(-2)). Let t(j) = -4*j + 1. What is the tens digit of t(f)?
1
Let o = -6 + 9. What is the units digit of (2/o)/(16/168)?
7
Let r be ((-24)/(-15))/(2/(-10)). Let c(g) = -10*g - 2 - 5 - 9*g**2 - g**3 - 2. What is the units digit of c(r)?
7
Suppose -5*j + 324 = -j. What is the tens digit of j?
8
Let f = -293 + 483. What is the units digit of f?
0
Let x(v) = 5*v - 1. Let l(q) = -3*q + 1. Let f(j) = 7*l(j) + 4*x(j). What is the units digit of f(-5)?
8
Suppose 5*p = 84 + 211. What is the units digit of p?
9
What is the units digit of 510/22 - 4/22?
3
What is the tens digit of (-49334)/(-119) - ((-4)/(-7) - 0)?
1
Let r(u) = -u**3 - 8*u + 3 + 6*u - 3*u**2 + 0. What is the units digit of r(-3)?
9
Suppose -7 - 23 = -5*p. Suppose 0 = n - 3*k - 45, 114 = 3*n - p*k + 4*k. What is the tens digit of n?
3
Suppose -5*m - 76 = -2*i, 2*i + i - 92 = 2*m. What is the tens digit of i?
2
Suppose -3*c = -7*c + 12. Suppose c*y - y = -6. What is the units digit of y*-1*32/6?
6
What is the units digit of (-6756)/(-72) + (-2)/(-36)*3?
4
Suppose 763 - 69 = 2*d. What is the units digit of d?
7
Suppose 0 = 4*f - 2*f + 16. Let p = f + 12. What is the units digit of p?
4
What is the tens digit of 4/(-10)*(-54 + -1)?
2
Let a(f) = 0*f - 3*f + 2*f - 9 - 2*f. What is the tens digit of a(-12)?
2
Suppose 4*g = 2*s + 142, 0 = -s + 3*s + 10. Suppose g = 4*r - 11. What is the tens digit of r?
1
Let c(d) = d**3 - 2*d**2 - d + 4. Let p(z) = z**3 - z**2 + 4. Let i(s) = 2*c(s) - 3*p(s). Suppose -23*y = -24*y - 3. What is the tens digit of i(y)?
2
What is the units digit of ((-20)/(-8))/(4/8)?
5
Let m(r) = -r**3 - 4*r**2 - 4*r. Let i(x) = x**2 - x + 9. Let n be i(0). Let l be n/(-3)*(1 - 0). What is the units digit of m(l)?
3
Let o be -6 + 9 - (4 + 0). What is the units digit of o + (-4)/(4/(-27))?
6
Suppose 0*w = 2*w - 8. Suppose -o + 4*z = -w*o + 83, 6 = 3*z. What is the units digit of o?
5
Let w(f) = -f**2 + 2*f + 4. Let o be (3/(-6))/((-2)/12). What is the units digit of w(o)?
1
Suppose 5*n - 156 = -4*t, 10*t - 195 = 5*t + 3*n. What is the units digit of t?
9
Suppose 7*x - 100 = 